8 = b + 3*t, -4*b - 11*t = -7*t + 24. Determine i(b).
-5
Let t be -8 + (1 - 0) + ((-144)/(-4) - 18). Let k(w) = 2*w**2 - 30*w + 46. What is k(t)?
-42
Let y(o) = 5*o**2 - 2*o - 3. Let d(k) = 11*k**2 - 4*k - 6. Let f(p) = 4*d(p) - 9*y(p). Let h be ((-20)/(-55))/((-1)/(-11)). Calculate f(h).
-5
Let q = 290 - 290. Let p(d) = 19*d + 18*d + q + 1 - 36*d. Determine p(-1).
0
Let o = 31 + 19. Suppose 113*h - 138*h = 1375. Let u = o + h. Let t(m) = m - 1. What is t(u)?
-6
Let h(k) = k - 18. Let u be h(25). Let p(o) = 5*o**3 + 33*o**2 + 32*o + 41. Let y(t) = t**3 + 8*t**2 + 8*t + 10. Let d(x) = 2*p(x) - 9*y(x). Give d(u).
-15
Let f(o) = 128 - 128*o + 526*o - 125*o - 122*o - 123*o. Calculate f(-5).
-12
Let l(y) be the second derivative of -y**3/6 - 7*y**2/2 - 21*y. Let d be l(-10). Let r = 7 - d. Let g(p) = p**3 - 7*p**2 + 6*p. Determine g(r).
-24
Let y(l) = -7*l**3 + 41*l**2 + 18*l - 41. Let t(b) = -b**3 + 7*b**2 + 3*b - 7. Let j(w) = 13*t(w) - 2*y(w). Calculate j(-8).
31
Let y(x) = x**2 + 14*x + 6. Let o be y(-11). Let l be (30/9)/((-2)/o). Let u = l - 40. Let v(i) = 2*i - 1. Determine v(u).
9
Let s(x) = x**3 + 13*x**2 + 23*x - 70. Let h be s(-10). Let f(o) = -o**2 - o + 2. Calculate f(h).
2
Suppose 5*y - 13 - 32 = -t, -2*y + 5*t + 18 = 0. Suppose -y = -10*m + 7*m. Suppose 3 = m*a + 9. Let n(o) = -4*o**3 - 2*o**2. Give n(a).
24
Let f(l) = l**2 + 5*l - 20. Let d(k) = 2*k**2 - 24*k - 433. Let w be d(-10). Calculate f(w).
64
Let r(f) be the third derivative of -f**6/120 - 2*f**5/15 - f**4/12 - 7*f**3/3 + 2407*f**2. What is r(-8)?
2
Let c(j) = 2*j**2 - 25*j + 21. Let y(r) = -2*r**2 + 12*r - 11. Let p(k) = 3*c(k) + 5*y(k). Give p(-5).
-17
Let h(w) = -3*w - 24. Let b(t) = 18*t + 95. Let d(x) = b(x) + 4*h(x). Let g(l) = l**2 - l - 3. Let k be g(0). Let f = -2 - k. Determine d(f).
5
Let s(t) = t**3 - 6*t**2 + 10*t - 2. Let h(y) = y**3 - 14*y**2 + 3*y - 37. Let w be h(14). Determine s(w).
23
Let y(o) = o**3 + 12*o**2 + 12*o + 5. Let i = 2592 + -2603. What is y(i)?
-6
Let n(w) = 9*w**3 - 9*w**2 - 41*w - 94. Let f(l) = -11*l**3 + 8*l**2 + 53*l + 95. Let b(a) = 4*f(a) + 5*n(a). What is b(13)?
1
Let n(l) be the third derivative of -l**4/8 - 14*l**3/3 - 1068*l**2. What is n(-10)?
2
Let f(d) be the first derivative of -2*d**2 - 11*d - 344. What is f(10)?
-51
Let g(y) = -y - 5. Let c = 78 + -68. Suppose -29 = -13*f + c. Suppose -2*u = f*n + 24, -2*u + 15 = -5*n - 9. Determine g(n).
1
Let d(j) be the first derivative of j**3/3 + 7*j**2/2 - j - 5. Let l(r) = -2*r**2 - 49*r - 306. Let x be l(-12). Give d(x).
-7
Let f(r) be the second derivative of r**5/60 - r**4/24 + 127*r**3/6 - 20*r + 6. Let y(j) be the second derivative of f(j). Give y(-9).
-19
Let l(t) be the first derivative of t**4/12 + 2*t**3/3 + 5*t**2/2 - 38*t + 204. Let k(v) be the first derivative of l(v). Give k(-2).
1
Let x be 0*(-2)/8*-4. Suppose -4*h + 23 - 3 = 4*g, x = 3*h. Let j(d) = 16*d + 41. Let u(w) = -3*w - 8. Let c(p) = 2*j(p) + 11*u(p). Determine c(g).
-11
Let i = 4 - 6. Let v(c) = -82*c + 127. Let s(b) = -4*b + 6. Let z(k) = -42*s(k) + 2*v(k). What is z(i)?
-6
Let k be 3/((5 - 4) + -6 + 6). Let w(x) = 75*x - 220. Calculate w(k).
5
Let q(o) be the first derivative of -49*o**3/3 - o**2 + o - 79. Let y = 373 - 372. What is q(y)?
-50
Let d(p) = -10*p + 4 + 5*p + 9*p - 2. Let h(g) = 2*g + 1. Let m(j) = -3*d(j) + 8*h(j). Suppose 5*t - 3*i + 11 = 0, -4*t - 7 = -0*i - 3*i. Calculate m(t).
-14
Let t(o) = 3 - 4*o**2 + 2*o + 2*o - o**3 - o. Let j(y) be the second derivative of y**4/12 - 2*y**3/3 - y**2 - 4*y + 57. Let k be j(0). What is t(k)?
-11
Let s be 6/12*(39 + (-3)/3). Let k(p) = -5*p + 98. Let o be k(s). Let a(r) be the third derivative of r**4/12 + r**3/3 + 2*r**2. Give a(o).
8
Let h(f) = -2*f - 2. Let d be h(-1). Let v(l) = -9*l + 24*l + l**2 - 12*l - 4*l + 10. Give v(d).
10
Let c(j) = -7*j**2 - 7*j. Let q be (13 + -31 + 9 + 7)/(1 - 0). What is c(q)?
-14
Let t(i) = 25*i**3 + 10*i**2 + 7*i + 1. Let g(o) = -46*o**3 - 20*o**2 - 13*o - 1. Let y(b) = 6*g(b) + 11*t(b). Give y(-10).
15
Let v be 1/3*(-83 + 83). Suppose b + 5*l - 6*l - 9 = v, -2*b = -4*l - 22. Let k(o) = 2*o - 7. Calculate k(b).
7
Let h(c) = c**2 + 10*c - 172. Let q be h(-18). Let j be q/84*(-18)/1. Let s(i) be the second derivative of -i**3/2 + 5*i**2/2 + i. Calculate s(j).
-13
Suppose 4*v - 21 = 3. Let f be 4/4 + (2 - v). Let u(w) = w**2 - w - 3. Calculate u(f).
9
Suppose 3*m = -7 + 97. Suppose m = -3*k + 13*k. Let z(d) = d**3 + d**2 - 4*d + 3. Determine z(k).
27
Let l(o) = -o + 1. Let v(k) = -k**2 + 6*k - 3. Let z(j) = -4*l(j) - v(j). Let i be ((-260)/(-30))/(2/3). Suppose -5*y - s = -2*y + 3, i = -5*y + s. Give z(y).
7
Let r = 3 - 4. Let c = -1790 + 1791. Let y(m) = -12*m**3 - 9*m**3 - 15*m + 6*m**3 + 17*m + c - 4*m**3. Give y(r).
18
Let c = 5 - 2. Let z = -23556 + 23575. Suppose 0 = -i + 5*m - z, 2*i + m - c*m = 2. Let v(y) = y**2 - 6*y + 5. Give v(i).
5
Let h be (-1)/(-1)*0/(-2). Let z(g) = -g**3 - 1981733*g - g**2 - 41 + 1981732*g + 45. Give z(h).
4
Let q be -9 - 102 - ((-6)/1)/(-2). Let l = q - -114. Let i(o) = o**3 - o**2 + o + 9. Determine i(l).
9
Let n(i) = 4 + 3*i**2 - 4 + 32 - 10 - 7 - 13*i. What is n(3)?
3
Let k(x) = 6*x + 35. Let j = -5720 + 5710. Give k(j).
-25
Let y = -2071 + 2077. Let h(p) = p**3 - 5*p**2 - 3*p + 15. Calculate h(y).
33
Let w(a) be the third derivative of a**4/24 - 3*a**3/2 + a**2 + 362*a. Calculate w(-6).
-15
Let b(y) be the first derivative of -178 - y + 523*y**2 + 48 - 528*y**2. Determine b(1).
-11
Let w(a) = -a + 47. Let t(x) = -4*x + 234. Let b(i) = -2*t(i) + 11*w(i). Let c be b(16). Let q(u) = -31*u**2 + u. Determine q(c).
-30
Let r(y) = 11*y + 8. Let m be r(-4). Let o = m + 44. Let v(q) = q + o + 8*q**2 - 10 + 1. Calculate v(1).
8
Suppose -8*o - 3405 + 3421 = 0. Let h(c) be the second derivative of 0 + 22*c + 3/2*c**o - 1/3*c**3. Give h(4).
-5
Let j(a) = -4 - 5*a**2 - a**3 + 60*a + 136*a - 188*a. Give j(2).
-16
Let b(z) = -5*z + 4. Suppose 3*w = -17*i + 15*i + 11, 0 = -5*w + 3*i - 7. Determine b(w).
-1
Let f(b) = -8 - 1 - 836*b + 719*b + 8. Give f(-1).
116
Suppose 2*z + 81 - 99 = 0. Suppose j + 5*c + 19 = z*c, c = -j + 1. Let h(y) = -10*y - 4. Calculate h(j).
26
Let c(i) = i**2 - 1 - 6*i - 2 - 1. Suppose -2*b = 4*q - 28, -2*q + 8 = -3*b + 2*q. Suppose -4*m + l = -19, b = -2*m + 6*m + 4*l. Calculate c(m).
-12
Let z(h) = -h**3 + 10*h**2 + 4*h + 1. Let v be (7 + 0)*117/91. Let f(m) = 2*m**3 - 21*m**2 - 10*m - 2. Let n(u) = v*z(u) + 4*f(u). Calculate n(5).
6
Let k(l) = -20733*l - 20734*l + l**2 - 128 + 41476*l. What is k(8)?
8
Suppose -10*k + 2 = 2. Suppose k = -7*n - 5 + 33. Let j(o) = o**3 - 5*o**2 + 3*o - 5. Calculate j(n).
-9
Let d(q) = -q + 2. Let o(f) = 42 + 40 + 10*f - 86. Let x(l) = 5*d(l) + o(l). Give x(-2).
-4
Let u(p) = 3*p + 20. Let q be u(-6). Let d(x) be the third derivative of -x**4/24 - x**3/6 + 636*x**2. What is d(q)?
-3
Let n(c) be the third derivative of c**5/60 - 13*c**4/24 + 5*c**3/2 + 5*c**2. Let s = 19461 + -19451. What is n(s)?
-15
Let s(g) = -g**3 - 3*g**2 + 23. Suppose 7*c + 4*u = 11*c + 28, 2*u - 14 = -6*c. Determine s(c).
23
Let w(k) be the third derivative of 0*k**3 + 0 + 0*k - 1/720*k**6 - 3/40*k**5 + 19/24*k**4 + 12*k**2. Let x(l) be the second derivative of w(l). Give x(-8).
-1
Let p = -11 - -33. Suppose -p*f = -19*f - 78. Suppose t - 20 = 3*b, 3*b - 2*t + f = -b. Let c(d) = d + 6. Determine c(b).
-1
Suppose 11 = -18*g - 79. Let l be (-280)/(-175)*g/2. Let f(b) = 3*b + 2. Give f(l).
-10
Let b(u) be the second derivative of u**4/12 + 2*u**3/3 - 7*u**2/2 + 2*u. Suppose 6 - 57 = 14*m + 19. Determine b(m).
-2
Let i(d) = -2 + 0 + 2805*d + 2814*d - 5626*d + 6. Let m = -1 - -5. Determine i(m).
-24
Suppose 0 = -5*m, 9*t = 6*t + m. Suppose t = -274*y + 272*y - 12. Let d(g) = 0 - 8 + g**2 + 0 + 5*g. Determine d(y).
-2
Let j(v) be the first derivative of v**4/4 + 8*v**3/3 - 7*v**2 - 54*v - 308. Calculate j(-9).
-9
Let p(f) be the second derivative of f**5/20 - 7*f**4/6 - 17*f**3/6 + 10*f**2 + 2*f + 876. What is p(15)?
-10
Let l(y) = -18*y**2 - y. Suppose -20*b = -16*b + 164. Let q = 40 + b. Determine l(q).
-17
Let b = -142 - -146. Suppose b*t + 16 = 5*a, 2*t - t + 3*a = 13. Let y(k) = -21*k**3 + k**2 - k. What is y(t)?
-21
Let s(q) = 4*q - 81. Let v(m) = -5*m + 100. Let u(x) = -4